ns digit of w(1)?
1
Suppose o + 32 = 5*o. What is the tens digit of 20/(((-36)/o)/(-9))?
4
Let n(y) = 3*y**3 + y**2 + 2*y + 1. Let j be n(-1). Let q = j + 13. Suppose 3*a - 11 = q. What is the units digit of a?
7
Suppose -10*w + 18*w = 2728. What is the units digit of w?
1
Let m(g) = -7*g - 3. Let s(o) = 6*o + 2. Suppose 7*k = 2*k - 3*d + 40, -5*k + 10 = -3*d. Let y(b) = k*s(b) + 4*m(b). What is the units digit of y(3)?
4
Suppose -2 = -3*q + 1. Let r be (q*2)/((-4)/(-8)). Suppose -63 = -r*y - 19. What is the tens digit of y?
1
Let y(l) = l - 1. Let i be y(-7). Let p(d) = d**2 + 7*d. What is the units digit of p(i)?
8
Suppose -4*u = 31 - 159. What is the units digit of u?
2
Suppose 0 = t - 1 - 3. Suppose 3*x = -4*n - x + 36, -t*n = x - 48. What is the units digit of n?
3
Let v(w) = w**2 - 2*w - 4. What is the tens digit of v(5)?
1
Let g(v) = 4*v**3 + 4*v**2 + 2*v. Let j be g(-2). What is the units digit of (j/2)/(-6 - -5)?
0
Suppose 2*a - 20 = -4*z, -4*z - 14 + 50 = -2*a. Let o(x) = 4*x - 4. Let s be o(z). Let y = s + -15. What is the units digit of y?
9
Let l = -80 + 133. What is the tens digit of l?
5
What is the units digit of (0 - 8/4) + 57?
5
Let z be 0 + 23 + 2/2. Suppose 2*u + 2*u + z = 0. Let k = 15 + u. What is the units digit of k?
9
Suppose -4*s = -2*s + 16. Let m = s - -13. What is the units digit of m?
5
Suppose -15 = 4*k + k. Let j be 3*-2*k/(-9). What is the units digit of (-1)/(-2) + (-13)/j?
7
Suppose 4*m - 3*h - 14 - 3 = 0, -4*h = 12. Suppose 2*f - m - 2 = 0. Suppose 6 = 5*b - 2*z, -4*z - 6 = f*b - 18. What is the units digit of b?
2
Suppose 485 = 5*i + 155. Suppose f + i = 3*f. Suppose -4*s + f = 3*t, 2*s = -0*t - 2*t + 20. What is the units digit of t?
7
Suppose 3*m + a - 116 = -0*m, 0 = -5*m + 5*a + 180. Suppose 3*u - 88 = -6*p + p, 4*u - m = -2*p. What is the tens digit of p?
1
Let w(p) = -p - 2. Let m be w(-4). Suppose 5*b - 53 = -5*a + 7, -m*a + 3*b = -39. What is the tens digit of a?
1
Suppose -2*l = -5*l. Suppose 12*m - 7*m - 180 = l. What is the units digit of m?
6
Suppose 13*s - 120 = 3*s. What is the units digit of s?
2
Let q(u) = u**3 - 6*u**2 - 2. Let k be q(6). Let h(w) = w + 8. Let y be h(10). What is the units digit of ((-12)/y)/(k/27)?
9
Let z be (-10)/4*(-8)/(-10). Let v = z - -9. What is the units digit of v?
7
Let g(b) be the third derivative of -b**4/6 + 3*b**2. What is the units digit of g(-2)?
8
Let k(f) = 6*f**3 - f**2. Let m be k(1). Suppose -3*d - 3 = z + 3*z, 2*z + 3 = -3*d. Let l = z + m. What is the units digit of l?
5
Suppose -7*h = -h - 1110. What is the units digit of h?
5
Let r be (-9)/54 + 46/(-12). What is the units digit of ((-6)/(-9))/(r/(-18))?
3
Let a = -227 - -392. What is the tens digit of a?
6
Suppose -t - 12 - 6 = 0. Let v be (0 + 10)/(t/(-9)). Suppose -a - 3*a + 36 = v*x, 0 = -4*x + a + 12. What is the units digit of x?
4
Let v(f) = -4*f - 3. Suppose 2*c + 18 = -0*c. Let m = c - -6. What is the units digit of v(m)?
9
Let c = -10 - -60. Suppose -4*d - 10 = c. Let j = d - -25. What is the tens digit of j?
1
Let f = 53 - 35. What is the units digit of f?
8
Let w(u) = -28*u + 2. What is the tens digit of w(-1)?
3
Let v(g) be the first derivative of -3/2*g**2 + 1/3*g**3 + 1 - 3*g. What is the units digit of v(5)?
7
Let w(u) = u + 2. Let s be w(-4). Let o = -19 - -11. What is the units digit of (-15)/s + (-4)/o?
8
Suppose 5*u + 0 - 25 = 0, -4*u + 22 = s. Suppose s*b + 0*b - 72 = 0. What is the units digit of b?
6
What is the units digit of -50*((-24)/(-10))/(-6)?
0
What is the tens digit of (35/21)/(2/24)?
2
Let h(q) = 9*q**2 - q - 1. Suppose 3*p - 15 = 4*c + 11, -c + 3*p - 11 = 0. Let k = c + 4. What is the units digit of h(k)?
9
Suppose -144 = -0*c - 2*c. What is the units digit of c?
2
Suppose 3*s = -3*l + 2*s + 5, 4*s + 1 = -5*l. Suppose -5*c - 60 = j - l*j, 3*c + 150 = 5*j. What is the units digit of j/(-25)*1*-5?
6
Let j(m) = m - 1. Let u be j(4). Suppose -2*x = u + 1. Let w = -1 - x. What is the units digit of w?
1
Let k(j) be the second derivative of 11*j**3/6 + 2*j. Suppose -q - 2*d - 5 = 0, 2*d - 2 + 8 = 0. What is the tens digit of k(q)?
1
Let d(l) = l - 7. Let s be d(9). What is the tens digit of (4 - -1)/(1/s)?
1
What is the tens digit of ((-35)/(-2) - -2)*2?
3
Let n(z) = 6*z**2 - z - 5. What is the units digit of n(-3)?
2
Suppose 2*v + 2 - 14 = -2*r, 5*r = v + 18. Suppose 6 + v = 2*s. Suppose 9 = -m + s*x + 1, 2*m + x - 20 = 0. What is the units digit of m?
8
What is the tens digit of ((-23370)/16)/(-5) - (-1)/(-8)?
9
Let k(r) = r**3 - 34*r**2 - 70*r - 19. What is the units digit of k(36)?
3
Let u(a) = -a**3 + 6*a**2 - 5*a + 5. Let z = -73 - -43. Let d be 1/2*z/(-3). What is the units digit of u(d)?
5
Let c(d) = d - 5. Let p be (1 - 1)/(4 - 5). Suppose p = u - 2*y, 0*u + 3*y = u + 3. What is the units digit of c(u)?
1
Let t be (-1)/(-5) - 476/(-20). Suppose 6*x - t = 4*x. What is the units digit of x?
2
Let v = 2 - -1. What is the tens digit of 2/(v/(99/6))?
1
Suppose -o = -4*a + 72, -3*o = 3*a - 0*a - 39. Suppose -4*m - 3*g = 55, 0 = g - 0 + 5. Let u = a + m. What is the units digit of u?
7
Suppose 197 + 115 = 3*f. What is the units digit of f?
4
Suppose -f - 4 = -y, 0*y - 4*f = -2*y + 4. Suppose 0 = s + 4*a + 11, -2*s + 2*a = y*a + 6. Let x(z) = z**3 - 4*z**2 - 3*z + 7. What is the units digit of x(s)?
7
Suppose -r + 59 = 43. What is the units digit of r?
6
Suppose 2*k = -2*k + 40. Suppose 0 = 2*v - 5*s - 81, -2 - k = 4*s. What is the units digit of v?
3
Suppose -2*h + 10 = -8. Suppose 0*j - 21 = -3*o - 5*j, 3*o + j - h = 0. Suppose 3 = -3*x, 4*x + 30 = 4*d - o. What is the units digit of d?
7
Let g(p) = -p**3 + 11*p**2 - 11*p + 15. Let q be g(10). Suppose 2*b - 3*s - 25 = 2*s, -b + q*s = -20. What is the units digit of b/(15/12) - -1?
5
Let z = 5 + -2. Suppose -21 = -4*s - 4*l + 27, -5*s + z*l = -36. What is the units digit of s?
9
What is the units digit of -2 - -2 - (4 + -41)?
7
What is the units digit of (-3)/9 + 86/6?
4
Let p = -6 + 8. Suppose 0 = -f + 3 - p. What is the units digit of (-28)/(-6)*3 - f?
3
Suppose -1 = -8*o + 15. What is the units digit of o?
2
Let l(t) = 4*t - 6. Let g(b) = 6*b - 9. Let n(i) = -5*g(i) + 8*l(i). Suppose -2*s + 12 = -2*v, -v - 2 = -3*s - 6*v. What is the units digit of n(s)?
5
What is the tens digit of 2*-1*(-36)/4?
1
Let n(t) = 252*t**2 - 2*t + 1. What is the tens digit of n(1)?
5
Let l be 4/1 - 0 - -1. Suppose -3*s - 2*s = -25, -u = -l*s + 24. What is the units digit of -4 + 2 - u*-4?
2
Suppose -q - 4*q = 3*g - 258, -4*q + 5*g = -236. What is the units digit of q?
4
Let p(c) be the first derivative of c**2/2 + 17*c - 4. What is the units digit of p(0)?
7
Suppose 0 = -2*f - 2*t + 14, 4*f - 2*t = -5*t + 31. What is the units digit of f?
0
Let j be (1 - -2)/(6/(-16)). Let i = -6 + 3. What is the units digit of (i/(-6))/((-2)/j)?
2
Let r = 17 - 10. Let f = -6 + r. What is the units digit of f?
1
Suppose -2*g - q = 4*q - 605, -4*q - 614 = -2*g. What is the hundreds digit of g?
3
Let t = 4 + -24. What is the tens digit of (-632)/t + (-4)/(-10)?
3
Let c(f) = 7*f**2 + 14*f + 5. What is the units digit of c(-6)?
3
Suppose 17 = 4*r + 5*f, 4*r - 5*f - 7 = -0*f. Suppose -r*t + g - 2*g = -78, -g + 26 = t. What is the tens digit of t?
2
Let w(m) be the second derivative of -2*m - 3/2*m**3 + 0 - 2*m**2 + 1/12*m**4. What is the units digit of w(10)?
6
Let a(n) = n + 1. Let m(v) = 8*v + 6. Let x(b) = -18*a(b) + 2*m(b). What is the units digit of x(-8)?
0
Let o(a) = -1 - 5*a + 1 + 0 - 3. Let s be o(-2). Let k = -5 + s. What is the units digit of k?
2
Let c = 91 - 57. What is the tens digit of c?
3
Let w(d) = -2*d - 3 + 7 + 3. Let r be w(7). Let h = r - -10. What is the units digit of h?
3
Suppose 0 = 3*f + g + g - 114, 3*f - 129 = 3*g. Suppose -5 + f = x. What is the tens digit of x?
3
Suppose -o - 4*o - 40 = 0. Let x(h) = h**2 + 5*h - 9. What is the units digit of x(o)?
5
Suppose 4*w - 76 - 60 = 0. What is the tens digit of w?
3
Suppose 4*x - 92 = -0*x - 4*v, -3*x + 55 = -4*v. What is the tens digit of x?
2
Let w = -4 - -19. What is the units digit of w?
5
Let w(j) = 26*j**2 - 2*j - 1. Suppose -2*v - x = x + 4, 3*x + 2 = v. What is the units digit of w(v)?
7
Let m(h) = 4*h**2 - h - 8*h**2 + 2*h + 6*h**2 + 1. What is the units digit of m(-2)?
7
Sup